0. Calculate u(s).
-10
Let m(y) = -y**3 + 3*y**2 - 4*y + 3. Let f(h) = h**3 + 68*h**2 + 137*h + 333. Let i be f(-66). Calculate m(i).
-9
Let s(i) be the third derivative of -i**6/120 - i**5/60 - 7*i**2 - 6. Let r = 113 + -65. Let n = r + -51. Give s(n).
18
Let z(y) = -y**3 - 9*y**2 + 5. Let i(u) = -u**3 - 14*u**2 - 29*u - 74. Let s be i(-12). Let r be ((-63)/s)/((-2)/4). Calculate z(r).
5
Suppose 32*b + b = -528. Let t(p) = p + 7. Let i be t(b). Let n(j) = j + 10. Calculate n(i).
1
Let n(j) = j**3 + 18*j**2 - j - 10. Suppose 0*v = -v - 5 - 13. Determine n(v).
8
Let m(h) = -232*h - 47. Let r(j) = -46*j + 2. Let i(s) = -m(s) + 5*r(s). What is i(-24)?
9
Let a(c) be the second derivative of 5 - 2/3*c**3 - 5/2*c**2 - 11*c - 1/12*c**4. Determine a(-4).
-5
Let b(o) = -6*o**2 + o - 3. Suppose 0 = -11*h + 8*h - 4*g + 6, 5*g = -2*h + 4. What is b(h)?
-25
Let h(a) = a + 7. Let s = 132 + -275. Let j = 148 + s. What is h(j)?
12
Let z(k) = 3*k - k + 3 + 7 - 3*k. Let r = -87 - -87. Determine z(r).
10
Let s = 1776 - 1779. Let n(a) be the third derivative of -a**5/60 - a**4/24 + a**3/6 - 5*a**2. Give n(s).
-5
Let x(i) = 353*i + 96 - 248*i - 115*i. What is x(9)?
6
Let c be (-3)/(-8) + 153*(-99)/72. Let r be (-158)/(-22) - (-3 - c/66). Let n(g) = -g**3 + 6*g**2 + 4*g + 7. What is n(r)?
-14
Let z = 64 - 68. Let g(v) = -29*v + 27. Let q(f) = 6*f - 7. Let b(d) = 2*g(d) + 9*q(d). What is b(z)?
7
Let g(u) be the second derivative of -u**5/20 + 2*u**4 + u**3/3 + 9*u**2 + 368*u - 1. Give g(24).
66
Let w(l) = 0*l**2 - l**2 - 1 + 6*l**2 - l**3 - 3*l. Let v = -1809 + 1814. Calculate w(v).
-16
Let k(a) = -2*a**2 - 28*a - 3. Let o(b) = -59*b**2 + 173*b - 2. Let h be o(3). Calculate k(h).
-3
Suppose 85*z + 522*z = -2428. Let c(p) = -p**3 - p**2. Let j(w) = -3*w**3 - 2*w + 1. Let v(m) = -4*c(m) + j(m). Determine v(z).
9
Let w(h) = 3*h + 4. Let p(z) = 23. Let m(g) = -p(g) - 3*w(g). Calculate m(-7).
28
Let w(a) = -5*a**2 + 20*a - 78. Let x(n) = -4*n**2 + 18*n - 80. Let d(g) = -5*w(g) + 6*x(g). Calculate d(6).
-6
Let h(m) = 15*m - 6. Let o(l) = 14*l - 8. Suppose -13 = 6*z + 11. Let w(d) = z*o(d) + 5*h(d). Give w(-2).
-36
Let w = -3466 - -3465. Let p(i) = -76*i**2 - i - 2. Calculate p(w).
-77
Let x(n) = n**2 - 16*n + 4. Suppose i = 4*t - 20, -5*t + 10*i + 32 = 7*i. Let m be (6 + -101)/(-5) - t. Determine x(m).
-11
Suppose -28 = -2*y - 2*p + p, 5*y - 70 = 2*p. Suppose 5*j + 10*w = y*w + 29, -j + 13 = w. Let k(n) = -n + 3. Determine k(j).
-6
Suppose -34*y + 977 = 29*y - 157. Let l(p) = p**3 - 17*p**2 - 27*p + 166. Determine l(y).
4
Let s(x) = -258807*x + 0*x**2 + 517608*x + 12 - 258788*x - x**2. What is s(12)?
24
Let j = 110 + -107. Let p(c) = -3*c + 0*c + 2*c**j + 192 - 191 - c**2. Let k(f) = -f + 4. Let u be k(2). Calculate p(u).
7
Suppose 5*w = 9 + 21. Let j(y) = 4*y + 1. Let n(d) = 7*d + 2. Let h(q) = -7*j(q) + 3*n(q). Let m(a) = -6*a + 7. Let u(l) = h(l) - m(l). Give u(w).
-14
Suppose -7*g - g + 150 = 7*g. Let r(x) = -x - 13. Let n(h) = 3*h + 25. Let k(l) = -2*n(l) - 5*r(l). What is k(g)?
5
Let h(x) be the first derivative of -3*x**6/20 + x**5/60 - x**4/12 + x**3/6 + 49*x**2/2 + 4. Let c(n) be the second derivative of h(n). Determine c(1).
-18
Let f(z) = -2*z**2 + 7*z + 20. Let y be (-102 + 109)*(0 - 1)*-1. Give f(y).
-29
Let o be -2 - (0 + -2)/(-2). Let g(t) be the third derivative of 9*t - 1/12*t**4 + 17*t**2 - 2/3*t**3 + 0. Determine g(o).
2
Let m(n) = 2*n**3 - 8*n**2 - 11*n + 5. Let b = 2126 + -2128. Let v(a) = -6*a - 2*a**2 + a**3 - 1 - 2*a**2 + 4. Let r(l) = b*m(l) + 5*v(l). Give r(5).
-10
Let r be 28/(-5) + (-15)/((-450)/(-12)). Let h(k) = k**3 - 17*k**2 + 3*k - 10. Let q(u) = -u**3 + 19*u**2 - 3*u + 10. Let v(s) = r*h(s) - 5*q(s). Give v(7).
-11
Let n(h) = -1453*h**2 + 50 - 79 - h**3 + 47 + 1431*h**2. Give n(-22).
18
Let o = -12455 - -12454. Let y(v) = 77*v. Calculate y(o).
-77
Let w(c) = 30 - 31 - 173 - 85 + 23*c - 14. Determine w(11).
-20
Let x(l) = l + 1. Let j(a) = a**3 - 6*a**2 + a - 3. Let r be 8 - 1*(-6)/(-3). Let f be j(r). Calculate x(f).
4
Let l(s) be the first derivative of 25/2*s**2 - 26 - s. Calculate l(1).
24
Let s(u) be the second derivative of -u**3/6 - 2*u**2 + u. Let z(r) = -r**2 - 501*r - 3950. Let c be z(-8). Give s(c).
2
Let b = -464 - -470. Let d(h) be the third derivative of 1/60*h**5 + b*h**2 + 0*h + 0 + 0*h**4 - 1/6*h**3. Determine d(-1).
0
Let y(q) = q**2 - 6*q + 9. Let u(l) = 11 - 2*l - 3*l**3 - 32 - 5*l**2 + 7 + 12. Let b be u(-2). Calculate y(b).
9
Let j(f) = -7*f - 7. Let a(u) = -6*u - 6. Let l(d) = 5*a(d) - 4*j(d). Let m(n) = 27*n + 133. Let b be m(-5). What is l(b)?
2
Let d(k) = k**3 - k**2 + k - 1. Let v(n) = 2*n**3 + 9*n**2 - 14*n + 12. Let p(a) = 3*d(a) - v(a). Give p(11).
51
Let l be (0 - -1)/((-6)/84). Let s be (-6)/(-7) + l/(-98). Let y(z) = 21*z - 1. What is y(s)?
20
Let h be 24/1*(-21)/(-14). Let j(s) = -h*s + 6 - s**2 + 32*s + 2. Determine j(-7).
-13
Let a be 3/(-3)*((-16)/88 - 24/(-11)). Let c(j) = -j**3 - 4*j**2 + 4*j + 11. What is c(a)?
-5
Let k(g) = -g**2 + 7*g - 2. Suppose 3*f - 3*n - 259 = -f, 4*f - 2*n = 254. Suppose 4*r = 5*q + f, -4*r + 59 = -0*q - 3*q. Let c = r + -8. Give k(c).
4
Let y be (758/(-1895))/((-4)/120). Let u(w) = -2*w + 2*w - 13 + w. Calculate u(y).
-1
Suppose -22*v - 128 = -348. Let b(y) = 38*y - 11*y - 28*y - v. Determine b(-8).
-2
Let d = 118 + -109. Let i(c) = -c**2 + 13*c - 22. Let m be i(d). Let f(j) = j**2 - 14*j + 5. Let u be f(m). Let a(w) = w**3 - 6*w**2 + 5*w + 2. Calculate a(u).
2
Let l(y) = 773*y - 17776. Let w be l(23). Let c(u) be the third derivative of -1/24*u**4 + 0*u + 29*u**2 + 0 + 3/2*u**w. Determine c(7).
2
Let u(h) = h - 6. Let j(g) = -g**2 + 5*g + 28. Let x(c) = j(c) + 6*u(c). Calculate x(9).
10
Let c(m) be the first derivative of -3*m**2/2 + 11*m - 1726. Determine c(-6).
29
Let p(k) = -2*k**2 - 2*k**3 - 38*k + 2*k**3 + 36*k - 1 + k**3. Let m be (-3)/(-2)*34/(-51). Give p(m).
-2
Let a(x) = 20*x + 166. Let g be a(-8). Let i(z) = -z + 5*z + 13 - g*z + 6*z - 3*z. Calculate i(-11).
2
Suppose -152 = -3*y + 5*k, 0 = y + 2*y - 2*k - 158. Let v be ((-117)/y)/(-13) + 105/18. Let q(c) = 2*c - 2*c + c. Give q(v).
6
Suppose 2161 = -12*w + 7465. Let o = 446 - w. Let c(u) = -7*u + 6. What is c(o)?
-22
Let m(w) be the third derivative of 7/120*w**5 + 0*w + w**2 + 2/3*w**4 + 0 - 1/360*w**6 + 0*w**3. Let t(y) be the second derivative of m(y). Give t(5).
-3
Suppose 4 = m + 2 - 2. Let b(d) be the third derivative of 0 + 1/8*d**m + 0*d - 1/30*d**5 - 17*d**2 + 2/3*d**3. Determine b(3).
-5
Let i(y) = 75*y**3 + y - 1. Suppose -73*s + 24*s + 49 = 0. What is i(s)?
75
Let z(j) = -22*j**2 + 40*j + 62. Let a(b) = 14*b**2 - 27*b - 40. Let t(y) = -8*a(y) - 5*z(y). What is t(8)?
10
Let i(m) = m**3 - 6*m**2 + 2*m + 6. Let j be i(5). Suppose -127 = 5*z - 137. Let s(c) = 34*c**z - 1 - 12 + 12*c**3 - 26*c**2 - 11*c**3 - 11*c. Determine s(j).
5
Let l(v) = -v**3 - 5*v**2 + 16*v - 24. Let o be 1/((-19)/(-2)) - 54208/6688. What is l(o)?
40
Let n(x) be the first derivative of -20/3*x**3 + 1/40*x**5 + 7/24*x**4 + 0*x + 0*x**2 - 7 - 1/360*x**6. Let p(t) be the third derivative of n(t). Give p(5).
-3
Let w(a) = 2*a. Let r(m) = -41 + 13 - 4 + 4*m - 11. Let f be r(9). Give w(f).
-14
Let t(o) = -15*o + 13. Let k(b) = b**2 + 1. Let z(d) = -k(d) - t(d). Give z(10).
36
Let h(i) = 8*i + 5*i**2 + i**3 + 11*i**2 - 7 - 6*i**2. Let z be h(-9). Let k(g) = -g**3 + 3*g**2 - 2*g + 3. Give k(z).
3
Let r(i) = -40*i - 10. Let m = -6356 + 6353. Calculate r(m).
110
Let m(i) = i**2 + i - 24. Suppose 0*w - 33 = -3*w - 5*y, 12 = 4*y. Determine m(w).
18
Let p(i) = 15*i**2 + 30*i + 60. Let s be p(-14). Let y(m) = 2599 + 2*m - s - 3*m. Calculate y(0).
19
Let j(s) be the first derivative of s**7/840 - 11*s**6/360 + s**5/10 - 7*s**4/24 - s**3 - 80*s + 106. Let t(w) be the third derivative of j(w). What is t(10)?
13
Let f(m) = 2*m**3 + 2*m**2 - 2*m - 5. Let j(l) = -261*l - 9133. Let x be j(-35). Determine f(x).
15
Let s(i) = i**2 - 3*i - 2. Let a(b) = -4*b**2 + 9. Let j(g) = g**3 + 11*g**2 - g - 26. Let q(h) = -11*a(h) - 4*j(h). Let w be q(-1). Calculate s(w).
8
Let k be ((-5)/(15/9))/(-3). Let m(q) = 5*q - 2*q - q - k. Suppose -51*o - 15 = -41*o - 25*o. Calculate m(o).
1
Let k(w) = w**2 - 3*w - 5. Let x(a) = a + 3. Let o(c) = -2*k(c) - 3*x(c). Giv